{"id":122,"date":"2017-07-12T15:57:28","date_gmt":"2017-07-12T15:57:28","guid":{"rendered":"http:\/\/dehapo.de\/?page_id=122"},"modified":"2017-08-24T17:28:45","modified_gmt":"2017-08-24T15:28:45","slug":"referenzen","status":"publish","type":"page","link":"https:\/\/dehapo.de\/?page_id=122","title":{"rendered":"Referenzen"},"content":{"rendered":"<p>[et_pb_section bb_built=&#8221;1&#8243; _builder_version=&#8221;3.0.62&#8243; use_background_color_gradient=&#8221;on&#8221; background_color_gradient_start=&#8221;#ffffff&#8221; background_color_gradient_end=&#8221;#e59e60&#8243; background_color_gradient_type=&#8221;radial&#8221;][et_pb_row background_position_1=&#8221;top_left&#8221; background_repeat_1=&#8221;no-repeat&#8221; _builder_version=&#8221;3.0.62&#8243; background_size=&#8221;initial&#8221; background_position=&#8221;top_left&#8221; background_repeat=&#8221;repeat&#8221;][et_pb_column type=&#8221;4_4&#8243;][et_pb_blurb title=&#8221;Hier finden Sie eine Auswahl unserer Referenzen und Projekte&#8221; _builder_version=&#8221;3.0.62&#8243; url_new_window=&#8221;off&#8221; use_icon=&#8221;off&#8221; use_circle=&#8221;off&#8221; use_circle_border=&#8221;off&#8221; icon_placement=&#8221;top&#8221; use_icon_font_size=&#8221;off&#8221; background_layout=&#8221;light&#8221; border_style=&#8221;solid&#8221; animation=&#8221;top&#8221;]<\/p>\n<ul>\n<li>aet Autoersatzteile GmbH<\/li>\n<li>Allianz<\/li>\n<li>Boxgala &#8211; Bj\u00f6rn Blaschke, Paul Horn-Arena T\u00fcbingen<\/li>\n<li>COMLINE Region S\u00fcdwest AG<\/li>\n<li>DHL &#8211; Mitarbeiter Event, Ludwigsburg<\/li>\n<li>E. Breuninger GmbH &amp; Co<\/li>\n<li>Fischerwerke \u2013 Konzeption WM 2006-Kundenevent<\/li>\n<li>Geiger + Sch\u00fcle Bau<\/li>\n<li>Gottlob Brodbeck GmbH &amp; Co. KG<\/li>\n<li>HAZET<\/li>\n<li>Hochtief Umwelt<\/li>\n<li>IHK Reutlingen<\/li>\n<li>IKEA Projekt Ulm<\/li>\n<li>Kinderfest Reutlingen<\/li>\n<li>K\u00f6ckritz GmbH , Werbung und PR<\/li>\n<li>Kreissparkasse B\u00f6blingen<\/li>\n<li>KREISZEITUNG B\u00f6blinger Bote<\/li>\n<li>Kubach &amp; Klings GmbH<\/li>\n<li>Kunstausstellung in der &#8220;Villa Wandel&#8221; in Reutlingen<\/li>\n<li>Leder Maurer<\/li>\n<li>METRO GASTRO<\/li>\n<li>M.S. Enterprises GmbH<\/li>\n<li>M\u00f6ck und M\u00f6ck Bauprojekte<\/li>\n<li>NGK Spark Plug Europe GmbH<\/li>\n<li>Polarnacht B\u00f6blingen<\/li>\n<li>Regio TV Stuttgart<\/li>\n<li>R\u00f6hm Verlag &amp; Medien GmbH &amp; Co.KG<\/li>\n<li>Schlemmen am See B\u00f6blingen<\/li>\n<li>S\u00fcd Abfall Consulting GmbH<\/li>\n<li>S\u00dcD AC<\/li>\n<li>SVD Wurster GmbH<\/li>\n<li>SWR S\u00fcdwestrundfunk<\/li>\n<li>The Hockenheim Grand Nationals<\/li>\n<li>US-Car- und K\u00e4ferfestival auf dem Hockenheimring<\/li>\n<li>Vivico Real Estate GmbH<\/li>\n<li>W. Dinkelaker SCH\u00d6NBUCH BR\u00c4U GmbH &amp; Co. KG<\/li>\n<li>Wurster und Schletterer GbR<\/li>\n<\/ul>\n<p>[\/et_pb_blurb][\/et_pb_column][\/et_pb_row][\/et_pb_section]<\/p>\n","protected":false},"excerpt":{"rendered":"<p>aet Autoersatzteile GmbH Allianz Boxgala &#8211; Bj\u00f6rn Blaschke, Paul Horn-Arena T\u00fcbingen COMLINE Region S\u00fcdwest AG DHL &#8211; Mitarbeiter Event, Ludwigsburg E. Breuninger GmbH &amp; Co Fischerwerke \u2013 Konzeption WM 2006-Kundenevent Geiger + Sch\u00fcle Bau Gottlob Brodbeck GmbH &amp; Co. KG HAZET Hochtief Umwelt IHK Reutlingen IKEA Projekt Ulm Kinderfest Reutlingen K\u00f6ckritz GmbH , Werbung und [&hellip;]<\/p>\n","protected":false},"author":1,"featured_media":0,"parent":0,"menu_order":0,"comment_status":"closed","ping_status":"closed","template":"","meta":{"_et_pb_use_builder":"on","_et_pb_old_content":"","_et_gb_content_width":"","footnotes":""},"_links":{"self":[{"href":"https:\/\/dehapo.de\/index.php?rest_route=\/wp\/v2\/pages\/122"}],"collection":[{"href":"https:\/\/dehapo.de\/index.php?rest_route=\/wp\/v2\/pages"}],"about":[{"href":"https:\/\/dehapo.de\/index.php?rest_route=\/wp\/v2\/types\/page"}],"author":[{"embeddable":true,"href":"https:\/\/dehapo.de\/index.php?rest_route=\/wp\/v2\/users\/1"}],"replies":[{"embeddable":true,"href":"https:\/\/dehapo.de\/index.php?rest_route=%2Fwp%2Fv2%2Fcomments&post=122"}],"version-history":[{"count":9,"href":"https:\/\/dehapo.de\/index.php?rest_route=\/wp\/v2\/pages\/122\/revisions"}],"predecessor-version":[{"id":490,"href":"https:\/\/dehapo.de\/index.php?rest_route=\/wp\/v2\/pages\/122\/revisions\/490"}],"wp:attachment":[{"href":"https:\/\/dehapo.de\/index.php?rest_route=%2Fwp%2Fv2%2Fmedia&parent=122"}],"curies":[{"name":"wp","href":"https:\/\/api.w.org\/{rel}","templated":true}]}}